
Let g(c) = -8 - c + 0*c**2 + 4 - 1 - c**2. Let t be 1 + (0 - -1)/(-1). What is g(t)?
-5
Let h(g) = g**3 + 7*g**2 + 7*g + 8. Let w be (-6)/(-8) + (-26)/(-8). Suppose -243 = w*y + 81. Let j be y/12 - (-6)/8. What is h(j)?
2
Let j(v) = v**3 - 5*v**2 + 2*v - 1. Let n = -11 - -21. Suppose -t - t = -n. Suppose -4*m = -25 + t. What is j(m)?
9
Let h be ((-4)/(-12))/((-2)/(-12)). Let c(i) = i**2. Let f(u) = -u**2 - 3*u - 4. Let j(a) = h*c(a) + f(a). Let l = 10 + -7. Give j(l).
-4
Let t be 4/6 + 42/(-9). Let d(j) = 1. Let z(a) = a**2 + 6*a + 9. Let m(r) = 3*d(r) - z(r). Calculate m(t).
2
Let r = -22 + 20. Let d(u) = u**2 + u - 1. Determine d(r).
1
Let o(h) = -3*h**3 + 9*h**2 + 5. Let g(a) = -a**3 + 3*a**2 + 2. Let r(x) = -17*g(x) + 6*o(x). Let t(c) = -c + 15. Let l = 37 + -25. Let q be t(l). Give r(q).
-4
Let q(s) be the second derivative of -s**5/20 - 5*s**4/12 - 3*s**2 + 52*s + 1. Let o = -9 + 4. Calculate q(o).
-6
Suppose -5*u - 1 = 4*m, -2*u + u - m = 0. Let t(n) = -n - 1. Let o(h) = -6*h - 1. Let j(x) = u*o(x) + 4*t(x). Let c be 34/10 - (-4)/(-10). Calculate j(c).
3
Let k(i) = -i + 7. Let m(w) = -w. Let g(v) = -k(v) + 2*m(v). Suppose 0*t - 28 = 4*t. What is g(t)?
0
Let f(n) = -n**3 + 4*n**2 - n - 3. Let a be (-8 + 10)/((-2)/(-3)). Calculate f(a).
3
Let m(s) = s**3 + 7*s**2 - 20*s - 15. Let p be m(-9). Let y(i) = i**2 - 4*i - 1. Give y(p).
-4
Let f(t) = -t**2 - 5*t - 1. Suppose 2*b = 2*o, 2*b - 5*b = 3*o - 24. Suppose r - 5*z + 0 - o = 0, 0 = 3*r - 5*z + 8. Let j be r*1/1 - -2. Give f(j).
3
Let t(d) = d + 1. Let n be -3*1*(-1)/3. Let m(r) = r + 3. Let h(o) = n*m(o) - 4*t(o). Calculate h(2).
-7
Let v(h) = h**3 - 3*h**2 + 4*h - 1. Let r be (3 - 2)/(4/12). Calculate v(r).
11
Let a(u) = -u + 10. Let f be a(13). Let g(l) = l - 2. Determine g(f).
-5
Let s(h) = 9*h - 1. Let m(z) = -z**2 + z + 5. Let l be m(3). Let a(w) = w - 1. Let d(v) = l*s(v) + 2*a(v). Determine d(-1).
6
Suppose 3*u - 2*l = -6*l - 7, -4*u + 8 = l. Let t = u - 4. Let s(r) = 6*r**3 + r**2. Calculate s(t).
-5
Let d be 0 + (-3)/3 + 3. Suppose -4*y + 5*x = 0, d*y + 3*x + 23 = 1. Let a(v) = v**3 + 4*v**2 - 4*v + 1. What is a(y)?
-4
Let w(g) = -g - 1. Suppose 5*u - 5 = 5*s, 0 = 3*s - u + 2*u + 11. Let q(l) = -2*l. Let a(j) = s*w(j) + q(j). Determine a(-3).
0
Let l = -25 + 27. Let c(y) = -2*y - 2. Determine c(l).
-6
Let j(z) be the second derivative of -z**3/6 - 2*z**2 + z. Determine j(4).
-8
Let m(x) be the second derivative of -x**3/2 - 4*x**2 + 11*x - 3. Calculate m(-4).
4
Suppose c + 21 = 4*n, 3*n + 4*c + c = -13. Suppose -n = -v + 1. Let d(a) = 3*a**2 - 2*a**2 - 5*a + 3 - 1. Give d(v).
2
Let g = 10 + -7. Let q(i) be the first derivative of -i**7/840 + i**6/90 - i**4/6 - 2*i**3/3 + 1. Let w(f) be the third derivative of q(f). Determine w(g).
5
Let a(m) = m**2 + 1. Let x(i) = -3*i**2 - i - 8. Let j(u) = 6*a(u) + x(u). Calculate j(-2).
12
Let l(k) = 6*k**3 - 3*k + 1. Let p(f) = -5*f**3 + f**2 + 2*f. Let v(h) = 4*l(h) + 5*p(h). Determine v(5).
-6
Let z(g) = g**3 - 5*g**2 - 4. Suppose 5*j + 6 = -4*x - 10, 0 = -4*j + 3*x + 12. Let p be -1 + 1 + 0 + 2. Suppose p*o + 5*w - 8 = 17, -3*w + 9 = j. What is z(o)?
-4
Let r(g) = -28*g + g**2 + 3 + 20*g + 2. What is r(5)?
-10
Let g(m) = -2*m**2 - 2*m**2 + 3*m**2 - 2 + 5*m. Calculate g(5).
-2
Let d(h) be the second derivative of -h**4/12 - 2*h**3/3 - 3*h**2 - h. Let m(j) = j + 2. Let z(s) = -2*d(s) - 7*m(s). Give z(-2).
4
Suppose 2*n = y - 3*y, 5*n = 4*y + 27. Suppose 0 = -3*i + n - 15. Let m(g) be the third derivative of -g**4/24 - g**3/3 + g**2. What is m(i)?
2
Let j = 3 + 0. Suppose -4*i + i - j = 0. Let d(r) be the second derivative of -9*r**5/20 - r**4/6 - r**3/6 - 10*r. Calculate d(i).
8
Let i = 4 + -9. Let c(y) be the second derivative of -y**5/60 - 7*y**4/24 - 2*y**3/3 - 2*y**2 - 6*y. Let q(u) be the first derivative of c(u). Determine q(i).
6
Let l(u) be the first derivative of -u**2 + 6*u + 4. What is l(8)?
-10
Let h(d) = -d - 1. Suppose -6*t + t + 24 = 3*o, 4*t = -4*o + 24. Let c = o - 9. Calculate h(c).
5
Let s(a) = -2*a + 4. Let j(g) = -g + 27*g**3 + 0*g**2 - 28*g**3 - 1 - 2*g**2 - 2*g. Let y be j(-2). Determine s(y).
-6
Suppose 3*w + y = 18, 5*w - 5*y - 3 = 7. Suppose -4*i + 3*i - 3*m = -7, -7 = -i + 2*m. Suppose -i = -w*v + 18. Let h(c) = c**2 - 6*c - 1. Give h(v).
-6
Suppose -4*o - 26 = 3*n - 2*n, 4*n + 6 = -2*o. Let t(u) = u**3 + 6*u**2 - 9*u - 4. Give t(o).
10
Let a(w) be the first derivative of w**6/90 + w**5/120 + w**3/3 - 3. Let t(v) be the third derivative of a(v). Calculate t(-1).
3
Suppose -2*k + 3*k - 20 = -4*g, 20 = 3*k + 2*g. Let f = 13 - 8. Let z(o) = 3*o + 12. Let m(d) = -2*d - 11. Let l(j) = f*z(j) + 6*m(j). Give l(k).
6
Let q(g) = -g**2 + 5 - 3*g + 6*g**2 - 4 - g**3. Suppose 0 = -4*r + r + 3*f - 6, 4*f - 14 = r. What is q(r)?
7
Let h = 4 - 2. Let d(k) = -k**3 + 7*k**2 - 2*k - 4. Let p(w) = w**2 - 1. Let g(b) = 2*d(b) - 10*p(b). Calculate g(h).
-6
Let j(m) = -m**3 + m**2. Suppose w - 6 = -2*w. Let p be (1/1)/(w/(-2)). Let z be (3/3*-1)/p. What is j(z)?
0
Let i(r) = -7*r - 5*r - r**3 - 6 + 9*r - 2*r**2 - 2*r**2. What is i(-4)?
6
Let a(h) be the second derivative of 3*h**5/5 + h**3/6 - 10*h. Calculate a(-1).
-13
Suppose 2*v = -4*u + 2, 2*v - u + 0*u - 12 = 0. Let n(i) = v*i + 0*i - 7*i - 2 + i. Calculate n(0).
-2
Let l(h) = 6*h**2 - 7*h + 5. Let y(p) = p**2 + 1. Let g(c) = l(c) - 5*y(c). Calculate g(6).
-6
Suppose 6*u = 2*u - 16. Let f(m) = -m**2 - 4*m - 4. Calculate f(u).
-4
Let w(i) = 42*i + 31*i + 5 + i**2 - 80*i. What is w(4)?
-7
Let z(j) = j**3 - 4*j**2 + j - 3. Suppose 3*q - 7 = 2. Calculate z(q).
-9
Let u(i) = i**3 + 7*i**2 - 9*i - 7. Let h be u(-8). Let c = -2 + h. Let r = -5 - c. Let o(w) = -w**3 - 4*w**2 + 2*w + 4. What is o(r)?
-4
Let w(v) = 9*v**3 + 3*v**2 + 17*v - 24. Let a(y) = 5*y**3 + 2*y**2 + 9*y - 13. Let l(j) = 11*a(j) - 6*w(j). Give l(2).
19
Let d = 26 - 23. Let n(a) = 5*a**2 + 3 + d*a**3 - 2 - a**3 - 3*a**3 - 5*a. What is n(4)?
-3
Let g(u) = u**2 - 7*u + 5. Let b be ((-12)/5)/(-1*(-10)/(-25)). Determine g(b).
-1
Let r(v) be the third derivative of v**6/120 + v**4/24 - 2*v**3/3 + v**2. Suppose 6 = 4*s - 3*n, 5*s - n + 0 = 2. Give r(s).
-4
Let q be (-81)/(-15) + (-4)/10. Let s(c) = c**2 + 2. Let g be s(0). Let l(x) = -x + 7 - 3 - 3*x + g*x. Give l(q).
-6
Suppose -4*p - 5 = 5*y, -3*p - 4*y - 4 = -5*p. Let q be p + (-5 - (2 - 2)). Let j(n) = 7 - 4 - 2 + n - 6. Determine j(q).
-10
Suppose -3*h - 1 - 11 = 0. Let y(d) be the third derivative of -1/6*d**4 + 3*d**2 + 0 + 2/3*d**3 + 0*d - 1/60*d**5. Calculate y(h).
4
Suppose -4*w + 5 = -n - 2*w, 0 = 5*w - 10. Let s(i) be the third derivative of i**4/24 + i**3/6 - i**2. Calculate s(n).
0
Let n(x) = -x**2 - 3. Let m(v) = -6*v**2 - v - 3. Let z(g) = g**2. Let f(y) = m(y) + 5*z(y). Let j = -7 + 5. Let u(c) = j*n(c) + 3*f(c). Give u(-2).
-1
Let a(s) = s**3 - 7*s**2 - 9*s + 3. Let o be 4 + -2*(-2)/1. What is a(o)?
-5
Suppose 0 = 2*n - 0*n + 2*p - 6, -n + 2*p = -3. Let c(d) = -2*d + 3. Give c(n).
-3
Let s(y) = y**2 - y - 1. Let r(a) be the first derivative of -a**3/3 + 3*a**2 + 2*a - 1. Let u be r(6). Determine s(u).
1
Let z(r) = r + 9. Let w be z(-7). Let f(p) = -p**3 + 5*p**2 - 2*p - 4. Let o be f(4). Let x(n) = 1 - n - 3 + o. Calculate x(w).
0
Let b(s) = -13*s - s**2 - 39 + 80 - 42. Determine b(-13).
-1
Suppose 3*j - l = 5 + 6, -j = -3*l + 7. Let f(c) = -c**3 + 6*c**2 - 3*c - 2. Calculate f(j).
8
Let g(k) = -k - 1. Let v(y) = -y - 1. Let r(a) = -3*g(a) + 5*v(a). Give r(3).
-8
Let j = -16 + 10. Let y(l) = -7 - l**3 - 2*l**2 - 6*l + 3 - 5*l**2 + 0*l**3. Calculate y(j).
-4
Let b(s) = -4*s**2 + 3*s + 10. Let j(h) = h**2 + h - 1. Let n(u) = -b(u) - 3*j(u). What is n(6)?
-7
Let a(y) = y**3 - 7*y**2 + 6*y + 2. Let x be a(6). Let g(h) = -h - 7 + 2*h**x - 4*h + h - h**2. Let p = 4 + 1. Determine g(p).
-2
Let w(i) = 2*i - 6. Let f(n) = n + 0*n - 5 - 2*n + 2*n. Let r be f(10). What is w(r)?
4
Suppose -6*t + 8 = -2*t. Let g(d) = 10*d + d**2 - 13*d - 2*d**t + 3. Calculate g(-4).
-1
Let p(x) = 8*x**2. Suppose 5*s - a = -3*a + 7, s - 3*a = -2. Suppose y + 3 = -u, 2*y + u + s + 1 = 0. Determine p(y).
8
Let g(h) = 2*h - 1. Let x be (-34)/12 + 5/(-30). Calculate g(x).
-7
Let n(a) = a**2 - 5*a + 6. Let m = 37 + -52. Let y = -11 - m. Give n(y).
2
Let v(q) = 0 + 4 - 5 + 6*q**3. Calculat